ate the highest common divisor of 1850 and 14936900.
1850
Calculate the greatest common divisor of 4478699 and 89452.
2033
Calculate the greatest common divisor of 1054398 and 564.
282
What is the greatest common divisor of 14 and 313472?
2
Calculate the highest common factor of 144587 and 2583848.
191
Calculate the highest common divisor of 70670 and 14985860.
1910
Calculate the greatest common factor of 1540647 and 837.
27
What is the highest common factor of 10 and 11932735?
5
What is the greatest common factor of 85198 and 30586?
82
Calculate the greatest common divisor of 7911403 and 2030.
29
Calculate the greatest common divisor of 48942406 and 2.
2
What is the highest common divisor of 54911 and 94987?
43
Calculate the greatest common factor of 4312 and 10884664.
392
What is the greatest common factor of 495 and 37089?
9
Calculate the highest common factor of 5520 and 1207715280.
5520
What is the highest common factor of 9509 and 39331?
37
What is the greatest common factor of 6045331 and 1843?
97
Calculate the highest common divisor of 486 and 191760048.
486
What is the greatest common divisor of 124321 and 310199?
1207
Calculate the highest common divisor of 1373075 and 56375.
275
Calculate the greatest common factor of 57 and 3871573.
19
What is the greatest common divisor of 10833876 and 627?
57
Calculate the highest common divisor of 136479 and 992019.
2037
What is the highest common divisor of 49532 and 1006439?
427
Calculate the highest common divisor of 22209 and 16863.
33
Calculate the highest common factor of 28 and 12447932.
28
What is the highest common factor of 806542 and 127490?
1342
Calculate the highest common divisor of 682689 and 251256.
1653
What is the highest common factor of 3822 and 12634674?
78
Calculate the greatest common divisor of 387549 and 5244651.
1341
What is the highest common divisor of 17442 and 1068579?
513
What is the highest common factor of 6689 and 425995654?
6689
What is the greatest common divisor of 404484 and 48729?
111
What is the highest common divisor of 5968421 and 27973?
2543
Calculate the greatest common factor of 21058570 and 115.
115
Calculate the highest common factor of 744672 and 2064.
48
What is the greatest common divisor of 1684 and 16390372?
1684
Calculate the highest common divisor of 39040345 and 69445.
4085
Calculate the greatest common divisor of 9409775 and 2291.
29
What is the greatest common factor of 40363 and 6172643?
181
What is the greatest common divisor of 37947 and 169897?
91
Calculate the highest common divisor of 1164 and 100147941.
291
Calculate the highest common factor of 495 and 3115728.
99
Calculate the highest common divisor of 66 and 3389538.
6
Calculate the greatest common divisor of 51006210 and 375.
15
Calculate the highest common divisor of 1832 and 837776.
8
What is the greatest common divisor of 254924 and 78244?
2524
What is the greatest common divisor of 5446 and 50915432?
778
What is the greatest common factor of 30533741 and 25009?
281
What is the highest common factor of 1430728 and 57356?
52
Calculate the highest common divisor of 510 and 119580.
30
Calculate the greatest common divisor of 11778 and 381414826.
3926
Calculate the greatest common divisor of 2 and 15672077.
1
What is the highest common factor of 6 and 5996184?
6
Calculate the highest common factor of 37960 and 39598.
26
Calculate the highest common factor of 9073 and 3883455.
211
Calculate the highest common factor of 4015655 and 16065.
595
Calculate the greatest common factor of 33572 and 5163984.
3052
Calculate the greatest common factor of 650400 and 146725.
25
What is the highest common factor of 140612292 and 11952?
2988
Calculate the greatest common factor of 138 and 20034771.
69
Calculate the highest common factor of 2472 and 10725184.
824
What is the highest common factor of 142923 and 853512?
2013
What is the highest common factor of 1760 and 850784?
352
Calculate the highest common divisor of 143623 and 10736137.
1271
Calculate the highest common factor of 110 and 132430.
10
What is the greatest common factor of 2832847 and 48?
1
What is the highest common divisor of 7823655 and 8505?
945
Calculate the greatest common divisor of 85650 and 375.
75
What is the highest common divisor of 266 and 7510567?
19
Calculate the greatest common factor of 470500772 and 136.
68
Calculate the highest common factor of 334524 and 1289052.
732
Calculate the greatest common factor of 153 and 11691206.
17
Calculate the highest common factor of 689226 and 58353.
1101
Calculate the highest common divisor of 3361557 and 60.
3
Calculate the highest common factor of 24 and 896001888.
24
What is the greatest common factor of 725513690 and 55?
55
Calculate the greatest common divisor of 1104329776 and 44.
44
What is the highest common divisor of 1889282 and 2882?
262
Calculate the greatest common factor of 3154 and 1654273.
1577
Calculate the greatest common divisor of 2839062 and 305.
61
Calculate the greatest common divisor of 48225 and 34325.
25
What is the highest common factor of 41846870 and 100710?
3730
What is the highest common divisor of 29055 and 87841?
13
Calculate the highest common divisor of 8880 and 84858020.
740
Calculate the greatest common factor of 1600389 and 18669.
147
What is the greatest common divisor of 184954 and 63?
7
What is the highest common divisor of 26112533 and 1821?
607
What is the highest common divisor of 5285 and 1852770?
755
What is the greatest common factor of 2 and 163709726?
2
What is the greatest common divisor of 14820 and 501163?
247
Calculate the greatest common divisor of 7527 and 10881.
39
Calculate the highest common factor of 846986392 and 112.
56
What is the greatest common factor of 178712 and 803848?
712
Calculate the highest common factor of 31528779 and 6.
3
What is the highest common factor of 8515910 and 38870?
1690
Calculate the highest common factor of 187651 and 3.
1
What is the greatest common divisor of 21 and 16709021?
7
Calculate the greatest common factor of 45 and 3552495.
15
Calculate the greatest common factor of 416 and 25937704.
104
What is the greatest common factor of 218076 and 5763?
51
Calculate the greatest common divisor of 18183640 and 102920.
3320
Calculate the greatest common factor of 22992 and 159447604.
1916
What is the greatest common factor of 10422 and 42683301?
5211
What is the highest common factor of 4019 and 1453?
1
Calculate the greatest common factor of 231154 and 1670746.
2926
What is the greatest common factor of 1580854 and 31760?
794
Calculate the greatest common divisor of 78894 and 28556706.
2922
Calculate the highest common divisor of 5183 and 515247.
71
Calculate the greatest common factor of 366 and 19249824.
6
Calculate the greatest common divisor of 2988400 and 3200.
400
Calculate the highest common factor of 104166 and 266976.
162
Calculate the greatest common divisor of 1516 and 117212951.
379
Calculate the greatest common factor of 92944 and 240524.
628
Calculate the greatest common divisor of 74545 and 86615.
85
Calculate the greatest common factor of 119005398 and 27.
9
What is the greatest common factor of 148 and 82989113?
37
Calculate the highest common factor of 2634 and 264055866.
2634
Calculate the greatest common divisor of 6024 and 588.
12
Calculate the highest common divisor of 943 and 20314313.
23
What is the greatest common factor of 6750 and 631935?
135
What is the highest common factor of 1347 and 87801501?
1347
Calculate the greatest common divisor of 31272439 and 121.
11
What is the greatest common divisor of 111939288 and 170?
34
Calculate the greatest common factor of 4599 and 1818649.
511
What is the greatest common divisor of 62383652 and 8?
4
Calculate the highest common factor of 28 and 226017148.
28
Calculate the greatest common divisor of 188089 and 10241.
11
Calculate the highest common factor of 17812008 and 648.
216
Calculate the highest common divisor of 1875 and 1414239.
3
What is the highest common divisor of 1384154 and 13486?
1226
What is the highest common factor of 594269 and 18823?
2689
What is the highest common factor of 39130 and 1138683?
3913
Calculate the highest common divisor of 74074 and 118118.
2002
What is the greatest common divisor of 7558